) + -1.
0
Evaluate 10 + -3 - 3 - 1.
3
Calculate (-2 + (0 - 1) - -2) + 6.
5
What is the value of 11 + -12 + (-3 - -2)?
-2
What is 15 + -24 + 3 + -1 + 2?
-5
Calculate (12 - 1) + -13 - 2.
-4
What is (-7 + 7 - 0) + 0 + 0?
0
Calculate -2 - ((7 + -17 - -4) + 4).
0
Calculate 1 + 5 - (8 - 3).
1
What is 5 + 0 - (21 + -16)?
0
Evaluate (6 - ((-3 - -13) + 1)) + 8.
3
Calculate 1 + -12 + 1 - -3.
-7
What is 1 - (-2 - (-5 - -2))?
0
Evaluate (2 - (2 - 2)) + -5.
-3
Calculate (6 - 14) + -9 + 14.
-3
-8 - (-3 + 0 + 2 + -4)
-3
Calculate (7 - (5 + 9)) + 12.
5
Calculate (5 - 7) + (-2 - 0).
-4
Calculate 16 + -13 + (1 - 1).
3
What is the value of -26 + 11 - -5 - -5?
-5
Calculate (3 - 13 - (-13 - -9)) + 8.
2
What is the value of 0 + -6 + 22 + -7 - 7?
2
Calculate (-1 - (0 - 0)) + 9 + -13.
-5
(3 - (-2 + 10)) + 14 - 4
5
What is the value of -13 - (5 + -2) - (-33 + 25)?
-8
Calculate (-1 - 1) + (-8 - -6 - 1).
-5
(1 - -2) + (-6 - -4)
1
What is the value of 5 + (-10 - (-2 + -1))?
-2
(8 - (1 + 14)) + 7
0
Calculate -3 + (6 - 12) + 5.
-4
What is -4 + 1 - (-7 + 2 + 2)?
0
What is the value of 6 + 8 + (-5 - -2) + -17?
-6
Calculate -8 - -8 - (-1 + 1) - 2.
-2
Calculate -4 - (9 + -5 - (10 - -1)).
3
What is the value of (16 - -1) + (8 - 22)?
3
What is the value of 1 + 2 + (-5 - -2)?
0
5 - 11 - (3 - 3 - 0)
-6
Evaluate -9 + 9 - (0 - 3).
3
What is the value of (5 - 20) + 6 - -12?
3
What is the value of -2 + (-8 - -16) + (-4 - 2)?
0
(1 - 3) + (3 - 2 - 3)
-4
(8 - (16 - 3)) + 5 + -2
-2
Evaluate 5 - (-7 + (16 - 4)).
0
Evaluate -1 - (1 - (2 - -2)) - 1.
1
What is the value of 5 + (6 - (-1 - -9))?
3
Evaluate -2 + 0 + 5 + -4 - 4.
-5
Evaluate 1 + 10 + -6 - (2 - -1).
2
2 + (3 - 5) - 3
-3
-3 - (4 + -4) - (-3 + 4)
-4
-21 + 12 + (-3 - (-2 - 1))
-9
2 - (1 + 1) - 1
-1
Calculate (11 + -4 - 1) + -2.
4
What is (115 - 107) + 0 + -2?
6
What is the value of 4 + -3 + -1 - 0 - -5?
5
What is -100 + 98 + 1 + (2 - -1)?
2
What is the value of (-5 - -4) + -2 - -5?
2
6 + 3 - (19 - 7)
-3
Calculate 4 + (-1 + -16 - (39 - 44)).
-8
Evaluate 1 - -3 - (32 - 29) - 5.
-4
What is (-1 - 0) + 6 + (-10 - -9)?
4
Calculate (-4 + 13 - 4) + -2.
3
Evaluate -1 - (-1 + (-5 - (-6 + -4))).
-5
(0 - -2) + (2 - 0) - 9
-5
Evaluate 2 + (3 - -1) - 0.
6
Calculate -4 + (1 - 1) - -1.
-3
Calculate 1 - (4 + -4 + 7 + -3).
-3
-6 + -14 + 10 + 4
-6
What is the value of 5 + 1 + -1 + 0?
5
Calculate (-18 - -2) + 12 + (-16 - -11).
-9
Calculate -6 + -4 + -12 + 9 + 3.
-10
3 + (11 - 9 - 12)
-7
Calculate 3 + (5 - (10 + -4)).
2
Calculate 4 + 0 + (25 - 15 - 11).
3
-8 - (-1 - 0) - -4
-3
What is the value of (3 - 0) + -7 + (16 - 7)?
5
What is the value of 1 + (0 - 2 - 0)?
-1
What is the value of 1 + -7 - (15 + -20)?
-1
What is 1 - 7 - (-2 + 3) - 0?
-7
What is 8 - ((0 - -5 - 9) + 5)?
7
Evaluate -2 + (-5 - -6) + 0.
-1
Calculate (13 + -1 - 1) + (-25 - -20).
6
What is the value of (-2 - -2) + 5 - 4?
1
Calculate -1 + -3 + 0 - (-7 - -3).
0
0 + (2 + -2 - 0)
0
Evaluate 0 - -4 - (-34 - -37).
1
What is the value of -2 + 0 + -1 + 5?
2
Evaluate 6 - (21 + (6 - 17)).
-4
Evaluate 5 - (1 + 0) - 5.
-1
Calculate -3 - (1 + (2 - 3)) - 0.
-3
Evaluate -17 - -19 - (6 - -1).
-5
What is -5 + 5 + 3 + 0 + -2?
1
Calculate (-15 - -15) + (0 - 5 - 1).
-6
What is (2 - -2) + (4 - 12)?
-4
Evaluate 7 - (-1 + 3 + 5).
0
What is 7 + (9 - 12) - 9?
-5
What is (1 - -2) + 6 + -4?
5
Calculate 4 + (-8 - -2) - -2.
0
Calculate 5 + (-3 - (1 + 3)).
-2
Calculate 0 - (-1 - (-3 + 2 + -3)).
-3
Evaluate 4 - (-1 - (-3 + 3)).
5
Calculate -8 + (5 - (-2 - (6 + -6))).
-1
Evaluate (0 - (-4 - -6)) + 1.
-1
Evaluate 4 - (11 - 3 - 1).
-3
Evaluate (-2 + 3 - 5) + (-112 - -108).
-8
What is the value of (4 - 4) + (-5 - -7) + -7?
-5
What is the value of 1 + -3 + 4 + (-4 - -2)?
0
-7 + 1 + -61 + 71
4
What is the value of 0 - 4 - (1 + -8)?
3
Evaluate -9 - -10 - (0 + 1 + 4).
-4
What is the value of -4 - 2 - (-16 + 11 + 4)?
-5
What is (5 + -12 - -11) + -7?
-3
What is the value of -1 + -7 + 3 + -2?
-7
-2 + (-7 + 7 - -1)
-1
Evaluate 3 + (-6 - -5) + -4 - 5.
-7
Evaluate 13 + 4 + 12 + -22.
7
What is 6 + (2 - 0) - 3?
5
17 - (4 - (-5 + -1))
7
Evaluate (1 + -4 - 0) + (-1 - -3).
-1
What is -4 + 7 - (0 + 1) - 2?
0
What is the value of (-1 - 4) + 7 + 2?
4
11 - 5 - (-4 + 9 - 0)
1
Evaluate -7 + -1 - (-5 - (-2 - 3)).
-8
-2 + 3 - -4 - (-1 + 0)
6
5 + -3 + -3 + 4
3
What is the value of -2 + -2 - (-6 + (6 - 1))?
-3
-1 + 7 + -3 - 10
-7
What is the value of (-6 - 0) + 19 + -16?
-3
Evaluate 4 - (4 - (2 + 2 + -3)).
1
2 - 5 - (1 - 2 - -2)
-4
-3 + 6 + 0 - (-1 - -4)
0
What is the value of 25 - 22 - (-1 + 1 + 6)?
-3
What is the value of (-4 + 0 - -10) + -3?
3
Calculate (-13 + 12 + -7 - -5) + -6.
-9
Evaluate -3 - (-4 + -8 - -3).
6
What is -5 - ((-7 - -9) + -10)?
3
What is (-6 - 3) + 3 - -2?
-4
What is -108 + 106 - (0 + -1 + -1)?
0
(8 - 4) + (1 - 5) + 1
1
What is -2 + -3 + 3 + (-6 - 0)?
-8
-5 + 0 - (8 - (7 - 0))
-6
Evaluate -14 - -9 - (-4 - 1).
0
-6 - ((-4 - 1) + 0)
-1
Calculate (0 - -5 - 3) + -9 + 3.
-4
Calculate 0 + -7 + (-71 - -72).
-6
14 + -4 - (7 + 0)
3
What is the value of -8 - ((-4 - (-1 + 3)) + 3)?
-5
What is -4 + -2 - 0 - -12?
6
What is the value of (-1 + -1 - -4) + (-8 - -10)?
4
Evaluate -5 - (-4 + -3 + 1 + 4).
-3
-3 + 5 + -4 + 4
2
What is 0 + (8 + -4 - (-3 - -3))?
4
What is the value of (0 - 3) + 2 - 0?
-1
Calculate 11 + 10 + -11 - 7.
3
What is the value of (-4 - -1) + (-1 + 2 - -1)?
-1
Evaluate 6 - 1 - (1 - 3 - -7).
0
What is (-9 - ((-2 - 1) + 0)) + 1?
-5
What is -1 + (17 - 6) + -17?
-7
What is the value of (-3 - 1) + 6 + 0?
2
Evaluate 2 - 5 - (6 + (0 - 6)).
-3
What is the value of -6 + -9 - -5 - -6?
-4
What is 2 + -1 - -3 - 7?
-3
What is the value of 7 - 11 - (0 + -2)?
-2
What is the value of -1 - -7 - (6 + 6 + -4)?
-2
Evaluate (4 - (4 + -3)) + 2 + -8.
-3
What is (4 - (3 + -1 - -3)) + 3?
2
What is the value of 1 - (5 - 3) - (1 - 2)?
0
-2 - 0 - (8 + -9)
-1
Calculate 2 + 1 + -4 + -1 + 3.
1
5 - ((10 - 5) + 5)
-5
What is 26 - 28 - (-2 + 4)?
-4
Evaluate 0 - -1 - (57 + -61).
5
What is the value of (16 - 9) + (-3 - -1) + -2?
3
Evaluate (-4 - -6) + (3 - -1) + -2.
4
What is the value of -2 - -2 - 2 - (6 - 10)?
2
-10 + 14 + -3 + -4
-3
What is the value of 5 + 1 + -3 - (-3 + 3)?
3
What is (7 - (12 - 12)) + 2?
9
(-4 - -5 - -8) + -4
5
Evaluate 2 + (-1 - 0) + (-3 - -5).
3
Calculate -2 + (-9 - -3) + 12.
4
What is (8 - 19) + 17 + 2?
8
Evaluate 0 + -1 - (-1 - (2 - 1)).
1
-2 + 4 + (-3 + 5 - 8)
-4
What is (-4 - 5) + 2 + 3 - -3?
-1
What is (6 - -1) + 4 + -7?
4
What is the value of (1 - 0) + (-1 - -5) + -6?
-1
What is -5 + 4 - (-9 - -3 - -2)?
3
What is the value of 2 - ((1 - 5) + 4 + 7)?
-5
7 - (-1 + (7 - 1))
2
What is (-10 - (8 - 16)) + 2?
0
What is (15 - (26 + -14)) + (-4 - -1)?
0
Evaluate (-2 - -4) + -40 + 36.
-2
Calculate (8 - 2) + -4 + 0.
2
Evaluate 4 - ((-2 - (-3 + 0)) + -5).
8
Evaluate -2 + 1 - ((1 - 0) + 2).
-4
18 - 10 - (0 - -5)
3
Calculate 0 - (-2 + 7 - 4) - -5.
4
Evaluate 6 + 0 + (0 - 2).
4
What is 5 - ((11 - 0) + -4)?
-2
-3 + -1 + 3 + (6 - 3)
2
What is the value of -10 + 12 + (3 - 1)?
4
What is the value of -1 + 1 + (1 - -4 - 7)?
-2
(10 - 3 - 3) + -1
3
(-15 - -14) + (6 - 0)
5
Calculate -2 + (14 - (5 - -2)).
5
2 + (-4 + 0 + 3 - 7)
-6
What is the value of 2 + 1 - 4 - (4 - 6)?
1
201 + -203 + (0 - -8)
6
What is 2 - 7 - ((1 - 2) + -1)?
-3
(-9 - -11) + (-2 - 0 - -1)
1
What is the value of 12 + (-1 - 3) - 4?
4
What is the value of 5 + 0 + -4 + 4?
5
Evaluate (-3 - 0) + -13 - -9.
-7
Calculate -4 + -5 + 2 + -1.
-8
1 + (0 - (2 - 5))
4
Calculate (5 - (-1 - (-2 + 5))) + -4.
5
What is the value of (-1 - (-1 + 0 + -3)) + 1?
4
What is the value of (-7 + 5 - -1) + 6 - 0?
5
What is 22 - 21 - (-2 - 2)?
5
What is the value of 11 - (1 + (-6 - (-11 + 2)))?
7
Evaluate 8 + (-4 - (4 - 6)).
6
Calculate 185 + -176 + (-11 - 1).
-3
Evaluate 8 - (-6 - (-4 + 2) - -7).
5
Evaluate -1 - -2 - (-5 + 2 - 1).
5
Evaluate -1 - (-5 + 10) - (-6 - -6).
-6
Calculate (8 - (0 + -3 + 7)) + -9.
-5
Calculate 0 + -8 - (2 + (-4 - -3)).
-9
Evaluate -13 - (13 + -24) - 0.
-2
What is -5 + (-1 + 0 - -10) - 2?
2
What is 73 - 80 - (2 - 10)?
1
Evaluate -6 + (-2 + 1 - -5) + 0.
-2
What is (-8 - (-10 - 3)) + -4?
1
(10 + -5 - -1) + -5
1
Evaluate 15 + -13 + 0 + 3.
5
1 + (-7 - (7 - 12)) + 1
0
Evaluate -10 + 12 + -6 + 14.
10
What is -6 - (-4 - (6 - (-6 + 3)))?
7
Evaluate 4 + (2 - 3) + -4.
-1
5 - (23 + -1 + -9)
-8
-6 + 0 